11010
In base 16, what is 392 - -5?
397
In base 3, what is -1012 + -22111?
-100200
In base 13, what is 116 + -1?
115
In base 11, what is -121 - -4?
-118
In base 9, what is -823 + 10?
-813
In base 5, what is -13 - 3?
-21
In base 14, what is -3554 + 1?
-3553
In base 16, what is -1f + -3b?
-5a
In base 10, what is -61 + -163?
-224
In base 5, what is -4 - -121?
112
In base 7, what is -32 - 2?
-34
In base 10, what is -14 + 38?
24
In base 16, what is 34c - -5?
351
In base 9, what is -143 + 6?
-136
In base 2, what is -11 + 110000?
101101
In base 11, what is 1 - -75?
76
In base 8, what is -3050 - 5?
-3055
In base 8, what is 67 + 14?
103
In base 7, what is 366 - -13?
412
In base 12, what is 6 + 429?
433
In base 8, what is 7 - 226?
-217
In base 11, what is -65 + 16?
-4a
In base 10, what is 2 + 13?
15
In base 13, what is b0 + 3?
b3
In base 9, what is 2 + -12?
-10
In base 4, what is 1011 + 12?
1023
In base 10, what is -5 - -648?
643
In base 10, what is 945 - -2?
947
In base 4, what is -11 + -31313?
-31330
In base 16, what is -3 + 5?
2
In base 9, what is -8 + 45?
36
In base 6, what is 2 + 2143?
2145
In base 4, what is -1103232 + 10?
-1103222
In base 7, what is 1 - -64?
65
In base 16, what is -16 - d?
-23
In base 3, what is 12 - -11210?
11222
In base 10, what is -14 + -1?
-15
In base 2, what is -110010 + 10?
-110000
In base 4, what is -10230 - -10?
-10220
In base 2, what is 11000 - 110?
10010
In base 5, what is 1 + 2004?
2010
In base 6, what is -1 - -232?
231
In base 4, what is -130 - -10201?
10011
In base 13, what is -1 - -5b?
5a
In base 4, what is -101 + 10?
-31
In base 4, what is 13 + 121002?
121021
In base 8, what is -1 - -154?
153
In base 2, what is -100 + 100000001?
11111101
In base 12, what is 2 + -50?
-4a
In base 7, what is 1002 + 3?
1005
In base 15, what is -c - a?
-17
In base 12, what is 51 + 26?
77
In base 5, what is -1 - -120?
114
In base 4, what is -2 + -132?
-200
In base 9, what is 282 + -130?
152
In base 9, what is 7607 + -4?
7603
In base 6, what is 510 - -21?
531
In base 8, what is 4 - 5731?
-5725
In base 9, what is 6 - -127?
134
In base 16, what is 0 - -23?
23
In base 11, what is 41 - -9?
4a
In base 5, what is 1 + -1103?
-1102
In base 2, what is 101 + 101100000?
101100101
In base 4, what is 123201 - 10?
123131
In base 13, what is a - -495?
4a2
In base 2, what is 110100111 + 101?
110101100
In base 10, what is 8 + -19?
-11
In base 14, what is -b7 - 5?
-bc
In base 12, what is 36 + 17?
51
In base 8, what is -5534 - -3?
-5531
In base 11, what is -666a + -5?
-6674
In base 3, what is 2002 - 100?
1202
In base 10, what is 0 + -2113?
-2113
In base 14, what is -a4 + 3?
-a1
In base 16, what is -6 - -b?
5
In base 5, what is 34022 + -10?
34012
In base 10, what is 1561 + 13?
1574
In base 9, what is -3 - -7?
4
In base 6, what is 4 - 3550?
-3542
In base 4, what is 3 - 1213020?
-1213011
In base 7, what is -5 + 52?
44
In base 2, what is -110 + -1000?
-1110
In base 8, what is -156 - -2?
-154
In base 9, what is 1074 - -16?
1101
In base 5, what is 13 - -3?
21
In base 12, what is 1a24 - 5?
1a1b
In base 14, what is -4a4 + -5?
-4a9
In base 7, what is 10403 - 5?
10365
In base 8, what is -2371 - 16?
-2407
In base 9, what is 0 + 65?
65
In base 5, what is 1 - 200?
-144
In base 6, what is 524 - -5?
533
In base 4, what is -302 - 13?
-321
In base 8, what is 713 - -2?
715
In base 4, what is 322300 - 11?
322223
In base 12, what is -415 - 1?
-416
In base 10, what is 7 + 7?
14
In base 14, what is 4 - -1?
5
In base 14, what is -5 + 1327?
1322
In base 13, what is 6 - 4?
2
In base 6, what is 2 + 253?
255
In base 7, what is -13 - -313?
300
In base 16, what is -cb - 1?
-cc
In base 2, what is -1 - 1110?
-1111
In base 11, what is 3 + -99?
-96
In base 6, what is 2 + -125?
-123
In base 2, what is 10000100 + -11?
10000001
In base 10, what is -859 + -2?
-861
In base 16, what is 5e7 - 3?
5e4
In base 10, what is -3 - -56?
53
In base 15, what is -45 - 0?
-45
In base 15, what is 5 + 31?
36
In base 10, what is -5 - 185?
-190
In base 6, what is -30 - 42?
-112
In base 10, what is -439 + -7?
-446
In base 13, what is 21 - -37?
58
In base 6, what is 13 + 432?
445
In base 5, what is 0 + 22?
22
In base 7, what is 136454 + -1?
136453
In base 3, what is -11 + 11000001?
10222220
In base 5, what is -22 - -10?
-12
In base 8, what is 233 - 131?
102
In base 7, what is 21035 + -3?
21032
In base 10, what is 3 + 1623?
1626
In base 6, what is -30553 + 1?
-30552
In base 15, what is -6d - 10?
-7d
In base 6, what is 25 + 4?
33
In base 16, what is 7 - 4d?
-46
In base 14, what is 13 + a?
1d
In base 11, what is 26 + -171?
-146
In base 15, what is 3 + -13a?
-137
In base 3, what is 10202 - -2?
10211
In base 14, what is 16 + -7?
d
In base 9, what is 21 - 5?
15
In base 14, what is 233 - -1?
234
In base 12, what is -2 - 23?
-25
In base 10, what is -11 - -21?
10
In base 3, what is 11120 - -2?
11122
In base 11, what is 2 - -199?
1a0
In base 8, what is -4 - 14026?
-14032
In base 9, what is 1006 - -1?
1007
In base 13, what is 0 + -16?
-16
In base 13, what is a88 + -4?
a84
In base 7, what is -5 + -201?
-206
In base 4, what is 33002 + -2?
33000
In base 7, what is 104 + 0?
104
In base 6, what is -2115 - -5?
-2110
In base 11, what is 1 - 89?
-88
In base 2, what is 101100 - 1010?
100010
In base 15, what is 5 - 117?
-112
In base 2, what is 1010010 + -11?
1001111
In base 9, what is 1 + 2607?
2608
In base 10, what is 136 + -13?
123
In base 3, what is -2212 + -2?
-2221
In base 5, what is -22201 + -2?
-22203
In base 9, what is 1761 + 0?
1761
In base 16, what is 47 - 2?
45
In base 15, what is 3 - -1d1?
1d4
In base 14, what is -1 - -10?
d
In base 4, what is -12 + 0?
-12
In base 10, what is -44 - 1?
-45
In base 8, what is -5672 + 0?
-5672
In base 9, what is -73 + -3?
-76
In base 7, what is 6450 + 1?
6451
In base 15, what is -13ec + 6?
-13e6
In base 12, what is 35 - 4?
31
In base 11, what is 174 + -5?
16a
In base 12, what is 1ab + -5?
1a6
In base 12, what is 346 + -3?
343
In base 5, what is 203132 + 10?
203142
In base 3, what is 2 + 1212?
1221
In base 14, what is 10 - d?
1
In base 2, what is -1001101101 - 0?
-1001101101
In base 4, what is 321 - 22?
233
In base 14, what is 27 + -14?
13
In base 7, what is -3103 + 3?
-3100
In base 8, what is -21 + 345?
324
In base 6, what is -5330 - 2?
-5332
In base 9, what is 2 - -113?
115
In base 12, what is 3 - 154?
-151
In base 6, what is 104 + 11?
115
In base 5, what is 4101 + 1?
4102
In base 12, what is 22 - -59?
7b
In base 14, what is -3 - 5?
-8
In base 13, what is 91 - -1?
92
In base 15, what is 12b + 17?
143
In base 14, what is -4 - -c3?
bd
In base 16, what is 3f - 4?
3b
In base 6, what is -1524 + 0?
-1524
In base 11, what is 53 - 5?
49
In base 8, what is -2 - 22151?
-22153
In base 14, what is -5 - -1d?
18
In base 5, what is 11 + 203?
214
In base 13, what is 5 - -27?
2c
In base 4, what is -2 + 22?
20
In base 3, what is -12 - 20101?
-20120
In base 7, what is 0 + 222?
222
In base 14, what is 481 + d?
490
In base 12, what is 212 - 99?
135
In base 2, what is -10011 - -110001110?
101111011
In base 3, what is -1010 - 20?
-1100
In base 10, what is -2 + -446?
-448
In base 10, what is -41 + 57?
16
In base 13, what is 4b - -47?
95
In base 8, what is -1536 + 2?
-1534
In base 6, what is 40 - -25?
105
In base 6, what is -5 + -25045?
-25054
In base 15, what is -3e + -5?
-44
In base 12, what is -2 + -80?
-82
In base 6, what is -140 - 0?
-140
In base 11, what is -23 - -58?
35
In base 15, what is -6d - 2?
-70
In base 12, what is -15 - 6?
-1b
In base 9, what is -2721 - -4?
-2716
In base 6, what is -411 - 11?
-422
In base 12, what is 13 + 16?
29
In base 14, what is -63b + 1?
-63a
In base 6, what is -42 + 20?
-22
In base 10, what is -29 - 34?
-63
In base 6, what is -33 + -11?
-44
In base 6, what is -1 + -4305?
-4310
In base 13, what is -75 - -12?
-63
In base 3, what is -21 - -2220210?
2220112
In base 10, what is -103 + 5?
-98
In base 15, what is 1602 + -1?
1601
In base 15, what is -25 - -5?
-20
In base 6, what is -1140 + -2?
-1142
In base 13, what is -1 - -20?
1c
In base 10, what is -6 - 9?
-15
In base 3, what is -2001 + 2?
-1222
In base 10, what is -32 + 12?
-20
In base 11, what is -2589 - 1?
-258a
In base 12, what is -278 + 2?
-276
In base 14, what is 36 - 4d?
-17
In base 3, what is -1 + 1211?
1210
In base 10, w